tors of r?
2, 3
Suppose -5*t + 31 - 306 = -5*n, -126 = -2*n - 2*t. Suppose 64*a = n*a - 25. What are the prime factors of (-1150 - a)*(-2)/10?
229
Let x = 14 - 12. Suppose p + 3*c = -4, p + 12 = x*p - 5*c. Suppose 48 + 28 = p*r. List the prime factors of r.
2, 19
Let n = 21 - -9. Let q be 2/(-6) - (-6670)/n. Suppose -q = -2*k + 5*j - 3*j, -3*j + 430 = 4*k. List the prime factors of k.
109
Let a(x) = x**3 - 8*x**2 + 9*x - 11. Let r be a(7). Let k(n) = -3*n**3 + 3*n**2 + 4*n + 6. Let i be k(-4). Suppose -i = -2*v - r*v. List the prime factors of v.
2, 23
Let i = 560 + 9429. List the prime factors of i.
7, 1427
Suppose y = -1207 + 453. Let k = y - -1585. List the prime factors of k.
3, 277
Suppose -9*c = 11 - 47. Suppose c*o = -0*o + 380. Let d = -70 + o. List the prime factors of d.
5
Let d = -580 - -430. Let v = d - -436. List the prime factors of v.
2, 11, 13
List the prime factors of (-4)/(-10) - ((-156230)/(-25))/(-2).
5
Suppose 2*p + 3*t = -3, -2*p + 5*t = t - 4. Suppose 3*o + 2*o = p. Suppose o*j - 156 = -3*j. What are the prime factors of j?
2, 13
Let t(x) = x**2 + 10*x - 10. Let c(o) = o**2 - 9*o + 9. Let h be c(5). Let y be t(h). List the prime factors of 24 + (-5 + 5)/(y*-2).
2, 3
Let a = 69989 - -9826. What are the prime factors of a?
3, 5, 17, 313
Let k(p) = -p**3 + 30*p**2 + 30*p - 68. What are the prime factors of k(19)?
3, 7, 71
Let j(g) = -g**2 + 5*g - 3. Let r be j(4). Let w(y) = 163*y + 1. Let c be w(r). Suppose 0 = 3*s + c - 461. What are the prime factors of s?
3, 11
Let u(y) = 4132*y**2 + 1224*y - 2446. List the prime factors of u(2).
2, 3, 5, 19, 29
Let d(s) = 180*s + 2401. What are the prime factors of d(77)?
7, 23, 101
Let k(x) = 4*x - 11. Suppose 3*m - 29 = -20. Suppose 18 = 2*d + m*g + 2, 5*g + 40 = 5*d. What are the prime factors of k(d)?
3, 7
Let k(j) = -205*j**3 + 13*j**2 + 3*j + 4. List the prime factors of k(-5).
25939
Suppose 8*c = -113167 + 341535. List the prime factors of c.
2, 7, 2039
Suppose -24*j + 7*j - 3332 = 0. List the prime factors of (-39249)/j*(-8)/(-3).
2, 3, 89
Let x(s) be the first derivative of -s**4 + 2*s**3/3 + 3*s**2/2 + s + 14. Let t be x(-1). Suppose -t*j + 156 = -128. What are the prime factors of j?
71
Let g(v) = 119*v - 1. Let w be g(3). Suppose -15*c + 7445 - 7505 = 0. What are the prime factors of c/(4 + (-1432)/w)?
2, 89
Let j = 14 + -10. Suppose -j = g - 7. Suppose g*w = w + 172. What are the prime factors of w?
2, 43
Let x = -49 + 47. What are the prime factors of 283 + x/(-1) + 3?
2, 3
Suppose -26*k - 29*k + 7700 = 0. Suppose 2*b - 3*c = 74 + 18, 5*c = 3*b - k. List the prime factors of b.
2, 5
Let b(n) = 94 + 86 - 192 + 11*n - 11*n**2 - n**3. Let y be b(-12). Suppose -4*m + 671 = -a, -5*m - a + 0*a + 832 = y. What are the prime factors of m?
167
What are the prime factors of -6 + 10 + -3 - 14502/(-3)?
5, 967
Suppose -7*m + 67166 - 1541 = 0. What are the prime factors of m?
3, 5
Let o(y) be the first derivative of -11*y**2/2 + 3*y - 12. Suppose -4*f + 35 = -5*l, -f + 5 = -0*f. List the prime factors of o(l).
2, 3
Let i = -173 + 189. Suppose -5*z + 1424 = -i. List the prime factors of z.
2, 3
Suppose -2*z = 5*v - 26, 0 = v - 2*v - 3*z + 13. Suppose 356 = v*k - 4*i, 0*k - 362 = -4*k + i. What are the prime factors of 1 + -1 - (-8 - 0 - k)?
3, 11
Suppose 3*z + 3 = 2*o + 14, -4*z + 11 = o. Suppose -3*m + 303 = z*h, 2*m + 2 = -h + 106. What are the prime factors of h?
2, 7
Suppose 2*l - 10 = -4*q, -3*l + 1 = q - 2*q. Suppose 2*h - 3*g = 16, q*h - g - g - 16 = 0. List the prime factors of h.
2
Suppose -7*d - 10 = -31. Suppose 2*t + d*t - 2*n - 1017 = 0, -2*n + 8 = 0. What are the prime factors of t/65 - 6/39?
3
Let f(h) = -37*h - 1. Let g be f(-2). Suppose 382*m + 4 = 402*m - 16. List the prime factors of (-5 - -6) + m*g.
2, 37
Suppose -2*n + 399 = v, 4*v + 4*n = 2128 - 528. What are the prime factors of v?
401
Suppose -14*w + 15*w = 2. Suppose w*z = -z. Suppose 9*i - 226 - 431 = z. List the prime factors of i.
73
Suppose 2*j - 50078 = -4*z, -40*z - 24997 = -j - 36*z. List the prime factors of j.
5, 7, 11, 13
Let r = 836 - 752. Suppose -2*x + 2*j = -2*j + 126, 4*x = 2*j - 228. Let n = x + r. List the prime factors of n.
29
What are the prime factors of 30450/4 + (-30)/60?
2, 11, 173
Let w(p) be the first derivative of p**2 + 29*p - 19. Let q be w(-18). What are the prime factors of 109/2 + q/2 + 3?
2, 3
Suppose 3348 = 12*k - 48012. Let c = k - 2586. List the prime factors of c.
2, 7, 11
Let k = -38 - -38. Suppose -5*n + 0*n + 435 = k. Suppose n = 3*j - 180. What are the prime factors of j?
89
Suppose 0 = 5*m - 11*m + 30. Suppose -5*f - y + 3*y = -708, -5 = -m*y. List the prime factors of f.
2, 71
Let c = 59552 + -36819. What are the prime factors of c?
127, 179
Let h(i) = 18*i**2 + 12*i - 35. Let o(m) = -19*m**2 - 10*m + 36. Let r(b) = 7*h(b) + 6*o(b). List the prime factors of r(10).
17, 83
Let j = 1429 - -2581. List the prime factors of j.
2, 5, 401
Let l(o) be the second derivative of -5*o**3/2 + 12*o**2 + 6*o. What are the prime factors of l(-15)?
3, 83
Let h(z) = 15*z**3 - 21*z**2 - 7*z - 6. List the prime factors of h(9).
3, 5, 13, 47
Suppose 5*l + 4*j = 16, 12 = l + 4*j - 4. Suppose -4*a + a + 42 = l. Let m(z) = z**2 - 8*z - 6. What are the prime factors of m(a)?
2, 3, 13
Suppose -2*k + 578 = -k. Suppose 0 = -17*p - k + 14331. List the prime factors of p.
809
Let s = 1041 - -8828. List the prime factors of s.
71, 139
Suppose -3*k + 25 = -0*k + 5*t, -5*k = -5*t + 25. Suppose k = 5*r + 8 + 52. Let o(v) = -v**3 - 9*v**2 + 28*v - 6. List the prime factors of o(r).
2, 3, 5
Let j = 13528 + -6178. List the prime factors of j.
2, 3, 5, 7
Suppose 11*k = 2*k + 1179. Suppose 140*a - 234 = k*a. What are the prime factors of a?
2, 13
Suppose -8 = 5*l + 2*f, 2*f + 8 = -7*l + 10*l. List the prime factors of 2 + -1 + 731 + (l - -1).
733
Suppose 1 = -f, -2*l - 11*f = -6*f - 56223. List the prime factors of l.
2, 14057
Suppose 4*h + 16 = 0, -7*h - 19 = -n - 3*h. Suppose l = 5*j - 10, 9 = -j + n*l - 3. Suppose j*u - 68 = 2*f, -u = 5*f - 4*f - 31. List the prime factors of u.
2, 13
Suppose 6924*d - 6927*d = -13776. List the prime factors of d.
2, 7, 41
Let o = 9263 - 3695. What are the prime factors of o?
2, 3, 29
Suppose 5*p - 144007 = 5*c + 28278, -172249 = -5*p - c. List the prime factors of p.
47, 733
Let f = 1720 + -2577. Let p = -552 - f. List the prime factors of p.
5, 61
Let l(j) = j + 15. Let t be l(-15). Suppose i - 211 + 40 = t. What are the prime factors of i?
3, 19
Let u(z) = -10*z + 109. Let q be u(7). Suppose -4*t = 2*n - 22, -t + 4*n = -5*t + 32. Let v = q + t. What are the prime factors of v?
2, 3, 7
List the prime factors of 19278 + ((-536)/32 - -16 - 21/4).
2, 3, 11, 73
Suppose -5*y - 5*j + 11503 = -44157, y - 2*j - 11150 = 0. List the prime factors of y.
2, 5569
Let v = -3664 - -10771. List the prime factors of v.
3, 23, 103
List the prime factors of (-6)/(-1)*(((-176943)/(-18))/13 - -9).
4591
Let v = 212 - 252. Let o = v + 568. What are the prime factors of o?
2, 3, 11
What are the prime factors of 25037 - 4/(-3)*(-276)/(-368)?
2, 3, 13, 107
Let p be (-84)/(-10) + (-36)/(-60). Let z = p + -7. Suppose -z*d - 2*g + 103 + 49 = 0, -78 = -d + g. What are the prime factors of d?
7, 11
Suppose 6*l + 16 = 2*l, -3*l - 219 = -3*g. Suppose g*r - 74*r + 1895 = 0. What are the prime factors of r?
379
Suppose -3*r + 3*u - 399 = 0, -r - u = 68 + 75. Let t = 120 + r. Let b(s) = -17*s - 31. List the prime factors of b(t).
5, 11
Let l = 615 + -658. Let h = l + 400. What are the prime factors of h?
3, 7, 17
Let t = 265 - 325. List the prime factors of 12/(-16) - 5/(t/5157).
3, 11, 13
Let y = -43 + 35. Let k be (-9)/18*y/2. What are the prime factors of ((4 - -1) + -6)/(k/(-394))?
197
Suppose g = 3*j - 17, 4*g - 12 = 3*j - 44. Suppose l - 2*p - 35 = 0, -54 = -j*l + p + 79. Let y = l + 85. List the prime factors of y.
2, 59
Suppose -49*o = -3*v - 52*o + 7485, v - 2501 = o. List the prime factors of v.
2, 1249
What are the prime factors of (-570)/4*((-2968)/42 - -4)?
2, 5, 19
Suppose -32*q + 27*q + 75 = 0. Let n be -4 - 5/(q/(-144)). Suppose -v - 4*b - n = -2*v, 5*v - b - 315 = 0. What are the prime factors of v?
2
Suppose -6*n + 0*n = -4*n. Suppose n = 3*j + j - 4. What are the prime factors of j/